3/6 - 7*q**2. Let o be k(6). Suppose -o*d + 5 = -25. What are the prime factors of d?
2, 3
Let u(w) = -3*w**2 + 4*w + 1. Let v(b) = -b. Let c(n) = -u(n) - 6*v(n). Let x be c(-2). Suppose -148 = 3*h - x*h. What are the prime factors of h?
37
What are the prime factors of 2*(125/2 - 5)?
5, 23
Let p be 4/(-6) - 1122/(-9). Suppose -2*x + g = 4*g - 54, -4*x - 2*g + p = 0. What are the prime factors of x?
3, 11
Let o = 399 - 71. List the prime factors of o.
2, 41
Let a be (24 - 25)/((-2)/228). Suppose -4*v + 2*v = -a. List the prime factors of v.
3, 19
Suppose 0 = -k - 2*k - 12. Let v be 1/2 + (-10)/k. Suppose v*r - 6*y = -3*y + 39, -2*r + 28 = -y. List the prime factors of r.
3, 5
Let t = -40 - -42. What are the prime factors of (-64)/(12/9*(-1)/t)?
2, 3
Let g(w) = w**3 - 3*w**2 + 2. Let k be g(3). Suppose -22 = 5*z - k. List the prime factors of 125/4 - (-1)/z.
31
Let k = 12 + -7. Let d be (-288)/(-2)*(k + -6). What are the prime factors of d/(-63) - 4/14?
2
Let f be 2 + -3 + -1*125. Suppose 21*g + 343 + 1043 = 0. Let w = g - f. What are the prime factors of w?
2, 3, 5
List the prime factors of (-29494)/(-11) - (-33)/(-121).
7, 383
Let b(u) = -u**3 + u**2 - 4. Let z be b(2). Let g be ((-6)/z)/((-8)/(-1184)). List the prime factors of g/18 - 3/18.
2, 3
Let v = -665 - -1220. What are the prime factors of v?
3, 5, 37
Let o = 72 - -782. What are the prime factors of o?
2, 7, 61
Suppose 2*i - 35 = 3*m, 3*m - 43 = i - 5*i. Suppose i*t = 175 + 787. List the prime factors of t.
2, 37
Let t = -271 - -424. What are the prime factors of t?
3, 17
What are the prime factors of -10*(-160)/6 - (-76)/(-114)?
2, 7, 19
Let k(n) = 6*n - 18. Let j be k(14). Suppose 3*s = -0*s + j. What are the prime factors of s?
2, 11
Suppose 5*c - 4*z - 135 = -357, 186 = -4*c - z. Let s = c + 66. List the prime factors of s.
2, 5
Suppose 0 = -3*v + 19 - 103. Let m = -1 - v. Suppose t + 3*q = 3*t - m, 5*q = 15. List the prime factors of t.
2, 3
Let r = 6307 + -4153. What are the prime factors of r?
2, 3, 359
Let l(s) = 4*s - 1 - s**2 - 6*s + 3*s**2 + s + 9*s**3. List the prime factors of l(1).
3
Suppose 0 = -3*x + 4*g + 813 - 189, -5*x = -2*g - 1040. Let y = x + -132. List the prime factors of y.
2, 19
Let u(t) = -t**3 + t + 1. Let r(l) = 2*l**3 + 6*l**2 - 7*l - 9. Let x(q) = r(q) + 3*u(q). Let s be x(4). What are the prime factors of ((-8)/(-10))/(2/s)?
2
What are the prime factors of (8/((-40)/(-15)))/(2/566)?
3, 283
Let v = 10450 - 5383. What are the prime factors of v?
3, 563
Let n = -2 + -4. Let j be 1*(-4)/8*n. List the prime factors of j/6*11*2.
11
List the prime factors of (-3)/(16 + -19)*1299*3.
3, 433
Suppose -2*a - 2 = 0, d + 4*a = -d - 4. Suppose d = -3*i + 3, -144 - 108 = -4*k - 4*i. What are the prime factors of k?
2, 31
Let i = -142 + 72. Let j = 125 + i. What are the prime factors of j?
5, 11
Let v(i) = -4*i**2 - 3*i + 9. Let y(z) = -9*z**2 - 7*z + 19. Let a(j) = -7*v(j) + 3*y(j). List the prime factors of a(5).
19
Let m = 30 + -20. Let y be (-55)/m - (-2)/4. Let l = -3 - y. What are the prime factors of l?
2
Let n(v) = 2*v**3 + 5*v**2 + 7*v - 15. Let l(w) = 3*w**3 + 11*w**2 + 15*w - 29. Let t(b) = -3*l(b) + 5*n(b). What are the prime factors of t(9)?
3
Let j(h) = -3*h**3 + 2*h**2 + 1. Let s(o) = -2*o**3 - o**2 + o + 1. Let b be s(-2). Suppose -b*x + 7*x - 8 = 0. What are the prime factors of j(x)?
3, 11
Suppose -5*n + 2534 = 884. What are the prime factors of n?
2, 3, 5, 11
Suppose -10*y + 7*y + z + 6041 = 0, -5*y + 10075 = -3*z. What are the prime factors of y?
2, 503
Suppose 3705 + 5145 = 15*w. What are the prime factors of w?
2, 5, 59
Let z = 173 - -63. Let i = z - 153. Suppose -13 = -3*s + i. What are the prime factors of s?
2
Suppose 3*q + 23 - 193 = -g, -5*q - 5*g = -280. Suppose q + 128 = 5*u. List the prime factors of u.
37
Let f(t) = -t**2 + t**2 + 7*t**2 - 2 + 2*t. Let o be f(2). Let x = 33 - o. List the prime factors of x.
3
Suppose -4*o = 13*i - 9*i - 2328, -3*i - 12 = 0. What are the prime factors of o?
2, 293
Suppose -2*g + 9510 = 5*f, 14265 = 3*g - 16*f + 11*f. List the prime factors of g.
3, 5, 317
List the prime factors of (-3*54)/(-3)*(-48)/(-18).
2, 3
List the prime factors of 4/10 + 10823/5.
5, 433
What are the prime factors of (-1 - 1 - 7)*(-147 - 24)?
3, 19
Let g = -64 - -56. Let z = 19 - g. What are the prime factors of z?
3
Suppose t - 14925 = -14*t. List the prime factors of t.
5, 199
Let z be 64/(-10)*140/8. Let q be (-2)/7 - 1032/14. Let a = q - z. List the prime factors of a.
2, 19
Suppose 0 = -3*u - 0*u - 4*t - 59, 2*u = -3*t - 41. Let w = u - -151. List the prime factors of w.
2, 3, 23
Let k = 221 + -131. Suppose 3*w = y + k, -w + 5*w = -2*y + 110. What are the prime factors of w?
29
What are the prime factors of (1/((-3)/(-14)))/((-2)/(-75))?
5, 7
Suppose -3*z = 2*y - 13, 3*z = 7*z - 3*y + 11. Let v = z + 1. What are the prime factors of 7*(-2 + 3)*v?
2, 7
Let h = -30 + 79. Let d = h + 8. What are the prime factors of d?
3, 19
Suppose -3*s + 51 = 3. Suppose -345 = -s*n + 11*n. List the prime factors of n.
3, 23
Suppose 0 = -5*l + 4*p + 45, -4*l - 2*p + 5 = p. Suppose l*n - 39 = 266. List the prime factors of n.
61
Let q be 1 - (3 - (-2 + 3)). List the prime factors of (-165 - q)*5/(-10).
2, 41
Suppose 5*h - 198 = -5*g + 1127, -2*g - 546 = -2*h. What are the prime factors of h?
269
Suppose 3*q - 1101 = 3588. What are the prime factors of q?
3, 521
Let c(o) = 146*o + 1116. What are the prime factors of c(16)?
2, 863
Let s be (-3 + 0)*6/9. Let b be s/7 + 120/(-70). List the prime factors of b/3 + 1337/21.
3, 7
Let h(z) = z**2 + 3*z + 1. Let m = 5 + 0. Suppose -5*p - c - 25 = 0, 15 = -3*p - c + m*c. List the prime factors of h(p).
11
Let o be 276/10 - (-4)/10. Let v be 21/o*(-20)/(-1). Let l = 17 + v. What are the prime factors of l?
2
Let o = -16 - -25. Let j = o + -7. Suppose 4*a - 172 = m, 4*a = m + j*m + 180. List the prime factors of a.
2, 3, 7
Let t = 65 - 39. Let w = -17 + t. Suppose n = w + 4. List the prime factors of n.
13
Let r = 13 + -10. Suppose -4*q + r = -9. Suppose 0 = -q*o - 12, -2*s + 9 + 7 = -2*o. List the prime factors of s.
2
Suppose -91*a = -72*a - 51471. What are the prime factors of a?
3, 7, 43
Let h(f) = -f**3 + 15*f**2 - 15*f + 21. List the prime factors of h(10).
7, 53
Suppose 14*q - 5278 = -0*q. What are the prime factors of q?
13, 29
Let q(v) = -2*v**3 + 3*v**2 + 5*v - 4. Let a be q(3). What are the prime factors of 12/16 + (-1396)/a?
2, 11
Let z = 26 + -23. Suppose 6 = z*d - 2*w - 2*w, 3*w = 0. Suppose d*v - v = 72. List the prime factors of v.
2, 3
Let t(i) = 1342*i**2 + 3*i - 4. What are the prime factors of t(1)?
3, 149
What are the prime factors of (-1 - 3/(-4))/(9/(-2412))?
67
Let u(m) = -m**3 - 52*m**2 + 42*m + 108. What are the prime factors of u(-53)?
691
What are the prime factors of 45/120*8 + 64*8?
5, 103
Suppose -5*x = 3*q - 558, q + 0*x + 3*x - 190 = 0. What are the prime factors of q?
181
Suppose -n + 559 = -4*h, -3*n = h - 6*h - 1705. What are the prime factors of n?
5, 23
Let n(o) be the first derivative of 1 - 1/4*o**4 + 1/2*o**2 + 10/3*o**3 + 11*o. List the prime factors of n(10).
3, 7
Let j(m) = 24*m**3 - 7*m**2 + 9*m + 3. Let y be j(3). List the prime factors of (-8)/10*y/(-3).
2, 41
Suppose -5*o - 148 = -2*t - 2*o, -5*o + 87 = t. Let j = 133 - t. List the prime factors of j.
2, 7
Let c(d) = -d**2 - 14*d - 8. Let i be c(-10). Let f = 46 - i. Suppose n + f = 54. List the prime factors of n.
2, 5
Suppose -9699 = 10*x - 23079. List the prime factors of x.
2, 3, 223
Let n = 38 + -38. Suppose -p = 5, -5*i + 5*p + 229 + 136 = n. List the prime factors of i.
2, 17
Let p(m) = 2*m + 9. Let k be p(-5). Let y = -9 - k. What are the prime factors of (-100)/(-7) + y/28?
2, 7
Suppose 44*m = 96*m - 11700. What are the prime factors of m?
3, 5
Let x(i) = 10*i**2 + 19*i + 43. What are the prime factors of x(-11)?
2, 3, 29
Suppose 0 = 241*c - 236*c - 15750. List the prime factors of c.
2, 3, 5, 7
Let t be 5/3 - 8/(-24). Suppose 0 = t*m - 69 - 23. What are the prime factors of m?
2, 23
Let j(g) = -g. Let h be j(4). Let n = h + 4. Suppose n = 3*u - 7*u + 228. What are the prime factors of u?
3, 19
Let a(j) = 3*j**3 + 3*j**2 - 3*j. Let d be a(-4). List the prime factors of (-6)/((-3)/d*-6).
2, 11
Let l(r) 